{"id":249,"date":"2022-05-01T12:02:50","date_gmt":"2022-05-01T12:02:50","guid":{"rendered":"http:\/\/www.sevinckorkuluk.com\/?page_id=249"},"modified":"2022-06-08T16:47:49","modified_gmt":"2022-06-08T16:47:49","slug":"kataloglar","status":"publish","type":"page","link":"http:\/\/www.sevinckorkuluk.com\/?page_id=249","title":{"rendered":"Kataloglar"},"content":{"rendered":"\n<section id=\"gma070667\" class=\"wp-block-gutentor-m3 section-gma070667 gutentor-module gutentor-container-cover has-color-bg has-custom-bg\"><div class=\"grid-container\">\n<div id=\"section-g4c5c35\" class=\"wp-block-gutentor-e1 section-g4c5c35 gutentor-element gutentor-element-advanced-text text-align-center-desktop text-align-center-tablet text-align-center-mobile\"><div class=\"gutentor-text-wrap\"><h2 class=\"gutentor-text\">\u00dcr\u00fcn Kataloglar\u0131<\/h2><\/div><\/div>\n<\/div><\/section>\n\n\n\n<div style=\"height:50px\" aria-hidden=\"true\" class=\"wp-block-spacer\"><\/div>\n\n\n\n<div class=\"wp-block-columns is-layout-flex wp-container-core-columns-is-layout-9d6595d7 wp-block-columns-is-layout-flex\">\n<div class=\"wp-block-column is-layout-flow wp-block-column-is-layout-flow\"><div class=\"wp-block-image\">\n<figure class=\"aligncenter size-full\"><a href=\"http:\/\/www.sevinckorkuluk.com\/wp-content\/uploads\/2022\/05\/Boru-Korkuluk-Sistem-Katalogu.pdf\" target=\"_blank\" rel=\"noreferrer noopener\"><img fetchpriority=\"high\" decoding=\"async\" width=\"350\" height=\"350\" src=\"http:\/\/www.sevinckorkuluk.com\/wp-content\/uploads\/2022\/06\/1-1.png\" alt=\"\" class=\"wp-image-1969\" srcset=\"http:\/\/www.sevinckorkuluk.com\/wp-content\/uploads\/2022\/06\/1-1.png 350w, http:\/\/www.sevinckorkuluk.com\/wp-content\/uploads\/2022\/06\/1-1-300x300.png 300w, http:\/\/www.sevinckorkuluk.com\/wp-content\/uploads\/2022\/06\/1-1-150x150.png 150w\" sizes=\"(max-width: 350px) 100vw, 350px\" \/><\/a><\/figure>\n<\/div><\/div>\n\n\n\n<div class=\"wp-block-column is-layout-flow wp-block-column-is-layout-flow\"><div class=\"wp-block-image\">\n<figure class=\"aligncenter size-full\"><a href=\"http:\/\/www.sevinckorkuluk.com\/wp-content\/uploads\/2022\/05\/Crystalline-Camli-Korkuluk-Sistem-Katalogu.pdf\" target=\"_blank\" rel=\"noreferrer noopener\"><img decoding=\"async\" width=\"350\" height=\"350\" src=\"http:\/\/www.sevinckorkuluk.com\/wp-content\/uploads\/2022\/06\/2-1.png\" alt=\"\" class=\"wp-image-1970\" srcset=\"http:\/\/www.sevinckorkuluk.com\/wp-content\/uploads\/2022\/06\/2-1.png 350w, http:\/\/www.sevinckorkuluk.com\/wp-content\/uploads\/2022\/06\/2-1-300x300.png 300w, http:\/\/www.sevinckorkuluk.com\/wp-content\/uploads\/2022\/06\/2-1-150x150.png 150w\" sizes=\"(max-width: 350px) 100vw, 350px\" \/><\/a><\/figure>\n<\/div><\/div>\n\n\n\n<div class=\"wp-block-column is-layout-flow wp-block-column-is-layout-flow\"><div class=\"wp-block-image\">\n<figure class=\"aligncenter size-full\"><a href=\"http:\/\/www.sevinckorkuluk.com\/wp-content\/uploads\/2022\/05\/Ekonomik-Korkuluk-Sistemler-Katalogu.pdf\" target=\"_blank\" rel=\"noreferrer noopener\"><img decoding=\"async\" width=\"350\" height=\"350\" src=\"http:\/\/www.sevinckorkuluk.com\/wp-content\/uploads\/2022\/06\/3-1.png\" alt=\"\" class=\"wp-image-1971\" srcset=\"http:\/\/www.sevinckorkuluk.com\/wp-content\/uploads\/2022\/06\/3-1.png 350w, http:\/\/www.sevinckorkuluk.com\/wp-content\/uploads\/2022\/06\/3-1-300x300.png 300w, http:\/\/www.sevinckorkuluk.com\/wp-content\/uploads\/2022\/06\/3-1-150x150.png 150w\" sizes=\"(max-width: 350px) 100vw, 350px\" \/><\/a><\/figure>\n<\/div><\/div>\n<\/div>\n\n\n\n<div class=\"wp-block-columns is-layout-flex wp-container-core-columns-is-layout-9d6595d7 wp-block-columns-is-layout-flex\">\n<div class=\"wp-block-column is-layout-flow wp-block-column-is-layout-flow\"><div class=\"wp-block-image\">\n<figure class=\"aligncenter size-full\"><a href=\"http:\/\/www.sevinckorkuluk.com\/wp-content\/uploads\/2022\/05\/Eliptik-Korkuluk-Sistem-Katalogu.pdf\" target=\"_blank\" rel=\"noreferrer noopener\"><img loading=\"lazy\" decoding=\"async\" width=\"350\" height=\"350\" src=\"http:\/\/www.sevinckorkuluk.com\/wp-content\/uploads\/2022\/06\/4-1.png\" alt=\"\" class=\"wp-image-1972\" srcset=\"http:\/\/www.sevinckorkuluk.com\/wp-content\/uploads\/2022\/06\/4-1.png 350w, http:\/\/www.sevinckorkuluk.com\/wp-content\/uploads\/2022\/06\/4-1-300x300.png 300w, http:\/\/www.sevinckorkuluk.com\/wp-content\/uploads\/2022\/06\/4-1-150x150.png 150w\" sizes=\"(max-width: 350px) 100vw, 350px\" \/><\/a><\/figure>\n<\/div><\/div>\n\n\n\n<div class=\"wp-block-column is-layout-flow wp-block-column-is-layout-flow\"><div class=\"wp-block-image\">\n<figure class=\"aligncenter size-full\"><a href=\"http:\/\/www.sevinckorkuluk.com\/wp-content\/uploads\/2022\/05\/Flora-Yeni-Nesil-Korkuluk-sistemleri.pdf\" target=\"_blank\" rel=\"noreferrer noopener\"><img loading=\"lazy\" decoding=\"async\" width=\"350\" height=\"350\" src=\"http:\/\/www.sevinckorkuluk.com\/wp-content\/uploads\/2022\/06\/Adsiz-tasarim-17.png\" alt=\"\" class=\"wp-image-1984\" srcset=\"http:\/\/www.sevinckorkuluk.com\/wp-content\/uploads\/2022\/06\/Adsiz-tasarim-17.png 350w, http:\/\/www.sevinckorkuluk.com\/wp-content\/uploads\/2022\/06\/Adsiz-tasarim-17-300x300.png 300w, http:\/\/www.sevinckorkuluk.com\/wp-content\/uploads\/2022\/06\/Adsiz-tasarim-17-150x150.png 150w\" sizes=\"(max-width: 350px) 100vw, 350px\" \/><\/a><\/figure>\n<\/div><\/div>\n\n\n\n<div class=\"wp-block-column is-layout-flow wp-block-column-is-layout-flow\"><div class=\"wp-block-image\">\n<figure class=\"aligncenter size-full\"><a href=\"http:\/\/www.sevinckorkuluk.com\/wp-content\/uploads\/2022\/05\/Kare-Korkuluk-Sistemler-Katalogu-.pdf\" target=\"_blank\" rel=\"noreferrer noopener\"><img loading=\"lazy\" decoding=\"async\" width=\"350\" height=\"350\" src=\"http:\/\/www.sevinckorkuluk.com\/wp-content\/uploads\/2022\/06\/6-1.png\" alt=\"\" class=\"wp-image-1974\" srcset=\"http:\/\/www.sevinckorkuluk.com\/wp-content\/uploads\/2022\/06\/6-1.png 350w, http:\/\/www.sevinckorkuluk.com\/wp-content\/uploads\/2022\/06\/6-1-300x300.png 300w, http:\/\/www.sevinckorkuluk.com\/wp-content\/uploads\/2022\/06\/6-1-150x150.png 150w\" sizes=\"(max-width: 350px) 100vw, 350px\" \/><\/a><\/figure>\n<\/div><\/div>\n<\/div>\n\n\n\n<div class=\"wp-block-columns is-layout-flex wp-container-core-columns-is-layout-9d6595d7 wp-block-columns-is-layout-flex\">\n<div class=\"wp-block-column is-layout-flow wp-block-column-is-layout-flow\"><div class=\"wp-block-image\">\n<figure class=\"aligncenter size-full\"><a href=\"http:\/\/www.sevinckorkuluk.com\/wp-content\/uploads\/2022\/05\/Lama-Dikmeli-Korkuluk-Sistemler-Katalogu.pdf\" target=\"_blank\" rel=\"noreferrer noopener\"><img loading=\"lazy\" decoding=\"async\" width=\"350\" height=\"350\" src=\"http:\/\/www.sevinckorkuluk.com\/wp-content\/uploads\/2022\/06\/7-2.png\" alt=\"\" class=\"wp-image-1978\" srcset=\"http:\/\/www.sevinckorkuluk.com\/wp-content\/uploads\/2022\/06\/7-2.png 350w, http:\/\/www.sevinckorkuluk.com\/wp-content\/uploads\/2022\/06\/7-2-300x300.png 300w, http:\/\/www.sevinckorkuluk.com\/wp-content\/uploads\/2022\/06\/7-2-150x150.png 150w\" sizes=\"(max-width: 350px) 100vw, 350px\" \/><\/a><\/figure>\n<\/div><\/div>\n\n\n\n<div class=\"wp-block-column is-layout-flow wp-block-column-is-layout-flow\"><div class=\"wp-block-image\">\n<figure class=\"aligncenter size-full\"><a href=\"http:\/\/www.sevinckorkuluk.com\/wp-content\/uploads\/2022\/05\/Panaroma-Camli-Korkuluk-Sistem-Katalogu.pdf\" target=\"_blank\" rel=\"noreferrer noopener\"><img loading=\"lazy\" decoding=\"async\" width=\"350\" height=\"350\" src=\"http:\/\/www.sevinckorkuluk.com\/wp-content\/uploads\/2022\/06\/Adsiz-tasarim-16.png\" alt=\"\" class=\"wp-image-1985\" srcset=\"http:\/\/www.sevinckorkuluk.com\/wp-content\/uploads\/2022\/06\/Adsiz-tasarim-16.png 350w, http:\/\/www.sevinckorkuluk.com\/wp-content\/uploads\/2022\/06\/Adsiz-tasarim-16-300x300.png 300w, http:\/\/www.sevinckorkuluk.com\/wp-content\/uploads\/2022\/06\/Adsiz-tasarim-16-150x150.png 150w\" sizes=\"(max-width: 350px) 100vw, 350px\" \/><\/a><\/figure>\n<\/div><\/div>\n\n\n\n<div class=\"wp-block-column is-layout-flow wp-block-column-is-layout-flow\"><div class=\"wp-block-image\">\n<figure class=\"aligncenter size-full\"><a href=\"http:\/\/www.sevinckorkuluk.com\/wp-content\/uploads\/2022\/06\/O\u0308zet-2018-web-1.pdf\"><img loading=\"lazy\" decoding=\"async\" width=\"350\" height=\"350\" src=\"http:\/\/www.sevinckorkuluk.com\/wp-content\/uploads\/2022\/06\/9-1.png\" alt=\"\" class=\"wp-image-1977\" srcset=\"http:\/\/www.sevinckorkuluk.com\/wp-content\/uploads\/2022\/06\/9-1.png 350w, http:\/\/www.sevinckorkuluk.com\/wp-content\/uploads\/2022\/06\/9-1-300x300.png 300w, http:\/\/www.sevinckorkuluk.com\/wp-content\/uploads\/2022\/06\/9-1-150x150.png 150w\" sizes=\"(max-width: 350px) 100vw, 350px\" \/><\/a><\/figure>\n<\/div><\/div>\n<\/div>\n\n\n\n<div style=\"height:50px\" aria-hidden=\"true\" class=\"wp-block-spacer\"><\/div>\n","protected":false},"excerpt":{"rendered":"","protected":false},"author":1,"featured_media":0,"parent":0,"menu_order":0,"comment_status":"closed","ping_status":"closed","template":"template-gutentor-full-width.php","meta":{"footnotes":""},"class_list":["post-249","page","type-page","status-publish","hentry"],"_links":{"self":[{"href":"http:\/\/www.sevinckorkuluk.com\/index.php?rest_route=\/wp\/v2\/pages\/249","targetHints":{"allow":["GET"]}}],"collection":[{"href":"http:\/\/www.sevinckorkuluk.com\/index.php?rest_route=\/wp\/v2\/pages"}],"about":[{"href":"http:\/\/www.sevinckorkuluk.com\/index.php?rest_route=\/wp\/v2\/types\/page"}],"author":[{"embeddable":true,"href":"http:\/\/www.sevinckorkuluk.com\/index.php?rest_route=\/wp\/v2\/users\/1"}],"replies":[{"embeddable":true,"href":"http:\/\/www.sevinckorkuluk.com\/index.php?rest_route=%2Fwp%2Fv2%2Fcomments&post=249"}],"version-history":[{"count":0,"href":"http:\/\/www.sevinckorkuluk.com\/index.php?rest_route=\/wp\/v2\/pages\/249\/revisions"}],"wp:attachment":[{"href":"http:\/\/www.sevinckorkuluk.com\/index.php?rest_route=%2Fwp%2Fv2%2Fmedia&parent=249"}],"curies":[{"name":"wp","href":"https:\/\/api.w.org\/{rel}","templated":true}]}}