{"id":629,"date":"2022-05-13T23:31:30","date_gmt":"2022-05-13T23:31:30","guid":{"rendered":"http:\/\/www.sevinckorkuluk.com\/?page_id=629"},"modified":"2022-06-08T14:42:41","modified_gmt":"2022-06-08T14:42:41","slug":"urun-detaylari","status":"publish","type":"page","link":"http:\/\/www.sevinckorkuluk.com\/?page_id=629","title":{"rendered":"\u00dcr\u00fcn Detaylar\u0131"},"content":{"rendered":"\n<section id=\"gmc988f13\" class=\"wp-block-gutentor-m3 section-gmc988f13 gutentor-module gutentor-container-cover has-color-bg has-custom-bg\"><div class=\"grid-container\">\n<div id=\"section-g161e62\" class=\"wp-block-gutentor-e1 section-g161e62 gutentor-element gutentor-element-advanced-text text-align-center-desktop text-align-center-tablet text-align-center-mobile\"><div class=\"gutentor-text-wrap\"><h2 class=\"gutentor-text\">Teknik Detaylar<\/h2><\/div><\/div>\n<\/div><\/section>\n\n\n\n<div style=\"height:60px\" aria-hidden=\"true\" class=\"wp-block-spacer\"><\/div>\n\n\n\n<div class=\"wp-block-columns is-layout-flex wp-container-core-columns-is-layout-9d6595d7 wp-block-columns-is-layout-flex\">\n<div class=\"wp-block-column is-layout-flow wp-block-column-is-layout-flow\">\n<div data-wp-interactive=\"core\/file\" class=\"wp-block-file aligncenter\"><object data-wp-bind--hidden=\"!state.hasPdfPreview\" hidden class=\"wp-block-file__embed\" data=\"http:\/\/www.sevinckorkuluk.com\/wp-content\/uploads\/2022\/05\/Camli-dikmeli-ekonomik-sistem-detayi.pdf\" type=\"application\/pdf\" style=\"width:100%;height:350px\" aria-label=\"Caml\u0131 dikmeli ekonomik sistem detay\u0131 g\u00f6m\u00fcs\u00fc. g\u00f6m\u00fcs\u00fc.\"><\/object><a id=\"wp-block-file--media-e48cc522-447f-470a-b4bd-92a1cc7c2c6f\" href=\"http:\/\/www.sevinckorkuluk.com\/wp-content\/uploads\/2022\/05\/Camli-dikmeli-ekonomik-sistem-detayi.pdf\" target=\"_blank\" rel=\"noreferrer noopener\">Caml\u0131 dikmeli ekonomik sistem detay\u0131<\/a><\/div>\n<\/div>\n\n\n\n<div class=\"wp-block-column is-layout-flow wp-block-column-is-layout-flow\">\n<div data-wp-interactive=\"core\/file\" class=\"wp-block-file aligncenter\"><object data-wp-bind--hidden=\"!state.hasPdfPreview\" hidden class=\"wp-block-file__embed\" data=\"http:\/\/www.sevinckorkuluk.com\/wp-content\/uploads\/2022\/05\/2150-2400-mm-Genislikteki-Camli-Fransiz-Balkonlar-icin-Korkuluk-detayi.pdf\" type=\"application\/pdf\" style=\"width:100%;height:350px\" aria-label=\"2150-2400 mm Geni\u015flikteki Caml\u0131 Frans\u0131z Balkonlar i\u00e7in Korkuluk detay\u0131 g\u00f6m\u00fcs\u00fc. g\u00f6m\u00fcs\u00fc.\"><\/object><a id=\"wp-block-file--media-23c7a149-2025-400f-9873-80fbf52e5216\" href=\"http:\/\/www.sevinckorkuluk.com\/wp-content\/uploads\/2022\/05\/2150-2400-mm-Genislikteki-Camli-Fransiz-Balkonlar-icin-Korkuluk-detayi.pdf\" target=\"_blank\" rel=\"noreferrer noopener\">2150-2400 mm Geni\u015flikteki Caml\u0131 Frans\u0131z Balkonlar i\u00e7in Korkuluk detay\u0131<\/a><\/div>\n<\/div>\n\n\n\n<div class=\"wp-block-column is-layout-flow wp-block-column-is-layout-flow\">\n<div data-wp-interactive=\"core\/file\" class=\"wp-block-file aligncenter\"><object data-wp-bind--hidden=\"!state.hasPdfPreview\" hidden class=\"wp-block-file__embed\" data=\"http:\/\/www.sevinckorkuluk.com\/wp-content\/uploads\/2022\/05\/4500-mm-Genislige-kadar-olan-Camli-Fransiz-Balkonlar-icin-Korkuluk-detayi.pdf\" type=\"application\/pdf\" style=\"width:100%;height:350px\" aria-label=\"4500 mm Geni\u015fli\u011fe kadar olan Caml\u0131 Frans\u0131z Balkonlar i\u00e7in Korkuluk detay\u0131 g\u00f6m\u00fcs\u00fc. g\u00f6m\u00fcs\u00fc.\"><\/object><a id=\"wp-block-file--media-bb6730f7-6cad-43ee-9088-4cb139258f83\" href=\"http:\/\/www.sevinckorkuluk.com\/wp-content\/uploads\/2022\/05\/4500-mm-Genislige-kadar-olan-Camli-Fransiz-Balkonlar-icin-Korkuluk-detayi.pdf\" target=\"_blank\" rel=\"noreferrer noopener\">4500 mm Geni\u015fli\u011fe kadar olan Caml\u0131 Frans\u0131z Balkonlar i\u00e7in Korkuluk detay\u0131<\/a><\/div>\n<\/div>\n<\/div>\n\n\n\n<div class=\"wp-block-columns is-layout-flex wp-container-core-columns-is-layout-9d6595d7 wp-block-columns-is-layout-flex\">\n<div class=\"wp-block-column is-layout-flow wp-block-column-is-layout-flow\">\n<div data-wp-interactive=\"core\/file\" class=\"wp-block-file aligncenter\"><object data-wp-bind--hidden=\"!state.hasPdfPreview\" hidden class=\"wp-block-file__embed\" data=\"http:\/\/www.sevinckorkuluk.com\/wp-content\/uploads\/2022\/05\/Camli-Kare-dikmeli-sistem-detayi.pdf\" type=\"application\/pdf\" style=\"width:100%;height:350px\" aria-label=\"Caml\u0131 Kare dikmeli sistem detay\u0131 g\u00f6m\u00fcs\u00fc. g\u00f6m\u00fcs\u00fc.\"><\/object><a id=\"wp-block-file--media-e48cc522-447f-470a-b4bd-92a1cc7c2c6f\" href=\"http:\/\/www.sevinckorkuluk.com\/wp-content\/uploads\/2022\/05\/Camli-Kare-dikmeli-sistem-detayi.pdf\" target=\"_blank\" rel=\"noreferrer noopener\">Caml\u0131 Kare dikmeli sistem detay\u0131<\/a><\/div>\n<\/div>\n\n\n\n<div class=\"wp-block-column is-layout-flow wp-block-column-is-layout-flow\">\n<div data-wp-interactive=\"core\/file\" class=\"wp-block-file aligncenter\"><object data-wp-bind--hidden=\"!state.hasPdfPreview\" hidden class=\"wp-block-file__embed\" data=\"http:\/\/www.sevinckorkuluk.com\/wp-content\/uploads\/2022\/05\/2150-mm-Genislige-kadar-olan-Camli-Fransiz-Balkonlar-icin-Korkuluk-detayi-.pdf\" type=\"application\/pdf\" style=\"width:100%;height:350px\" aria-label=\"2150 mm Geni\u015fli\u011fe Kadar Caml\u0131 Frans\u0131z Balkonlar i\u00e7in Korkuluk detay\u0131 g\u00f6m\u00fcs\u00fc. g\u00f6m\u00fcs\u00fc.\"><\/object><a id=\"wp-block-file--media-23c7a149-2025-400f-9873-80fbf52e5216\" href=\"http:\/\/www.sevinckorkuluk.com\/wp-content\/uploads\/2022\/05\/2150-mm-Genislige-kadar-olan-Camli-Fransiz-Balkonlar-icin-Korkuluk-detayi-.pdf\" target=\"_blank\" rel=\"noreferrer noopener\">2150 mm Geni\u015fli\u011fe Kadar Caml\u0131 Frans\u0131z Balkonlar i\u00e7in Korkuluk detay\u0131<\/a><\/div>\n<\/div>\n\n\n\n<div class=\"wp-block-column is-layout-flow wp-block-column-is-layout-flow\">\n<div data-wp-interactive=\"core\/file\" class=\"wp-block-file aligncenter\"><object data-wp-bind--hidden=\"!state.hasPdfPreview\" hidden class=\"wp-block-file__embed\" data=\"http:\/\/www.sevinckorkuluk.com\/wp-content\/uploads\/2022\/05\/Dusey-barli-kare-sistem-detayi-1.pdf\" type=\"application\/pdf\" style=\"width:100%;height:350px\" aria-label=\"D\u00fc\u015fey barl\u0131 kare sistem detay\u0131 g\u00f6m\u00fcs\u00fc. g\u00f6m\u00fcs\u00fc.\"><\/object><a id=\"wp-block-file--media-bb6730f7-6cad-43ee-9088-4cb139258f83\" href=\"http:\/\/www.sevinckorkuluk.com\/wp-content\/uploads\/2022\/05\/Dusey-barli-kare-sistem-detayi-1.pdf\" target=\"_blank\" rel=\"noreferrer noopener\">D\u00fc\u015fey barl\u0131 kare sistem detay\u0131<\/a><\/div>\n<\/div>\n<\/div>\n\n\n\n<div class=\"wp-block-columns is-layout-flex wp-container-core-columns-is-layout-9d6595d7 wp-block-columns-is-layout-flex\">\n<div class=\"wp-block-column is-layout-flow wp-block-column-is-layout-flow\">\n<div data-wp-interactive=\"core\/file\" class=\"wp-block-file aligncenter\"><object data-wp-bind--hidden=\"!state.hasPdfPreview\" hidden class=\"wp-block-file__embed\" data=\"http:\/\/www.sevinckorkuluk.com\/wp-content\/uploads\/2022\/05\/4500-mm-den-uzun-camli-balkon-korkuluk-detayi.pdf\" type=\"application\/pdf\" style=\"width:100%;height:350px\" aria-label=\"4500 mm den uzun caml\u0131 balkon korkuluk detay\u0131 g\u00f6m\u00fcs\u00fc. g\u00f6m\u00fcs\u00fc.\"><\/object><a id=\"wp-block-file--media-e48cc522-447f-470a-b4bd-92a1cc7c2c6f\" href=\"http:\/\/www.sevinckorkuluk.com\/wp-content\/uploads\/2022\/05\/4500-mm-den-uzun-camli-balkon-korkuluk-detayi.pdf\" target=\"_blank\" rel=\"noreferrer noopener\">4500 mm den uzun caml\u0131 balkon korkuluk detay\u0131<\/a><\/div>\n<\/div>\n\n\n\n<div class=\"wp-block-column is-layout-flow wp-block-column-is-layout-flow\">\n<div data-wp-interactive=\"core\/file\" class=\"wp-block-file aligncenter\"><object data-wp-bind--hidden=\"!state.hasPdfPreview\" hidden class=\"wp-block-file__embed\" data=\"http:\/\/www.sevinckorkuluk.com\/wp-content\/uploads\/2022\/05\/2400-2900-mm-Genislikteki-Camli-Fransiz-Balkonlar-icin-Korkuluk-detayi.pdf\" type=\"application\/pdf\" style=\"width:100%;height:350px\" aria-label=\"2400-2900 mm Geni\u015flikteki Caml\u0131 Frans\u0131z Balkonlar i\u00e7in Korkuluk detay\u0131 g\u00f6m\u00fcs\u00fc. g\u00f6m\u00fcs\u00fc.\"><\/object><a id=\"wp-block-file--media-23c7a149-2025-400f-9873-80fbf52e5216\" href=\"http:\/\/www.sevinckorkuluk.com\/wp-content\/uploads\/2022\/05\/2400-2900-mm-Genislikteki-Camli-Fransiz-Balkonlar-icin-Korkuluk-detayi.pdf\" target=\"_blank\" rel=\"noreferrer noopener\">2400-2900 mm Geni\u015flikteki Caml\u0131 Frans\u0131z Balkonlar i\u00e7in Korkuluk detay\u0131<\/a><\/div>\n<\/div>\n\n\n\n<div class=\"wp-block-column is-layout-flow wp-block-column-is-layout-flow\">\n<div data-wp-interactive=\"core\/file\" class=\"wp-block-file aligncenter\"><object data-wp-bind--hidden=\"!state.hasPdfPreview\" hidden class=\"wp-block-file__embed\" data=\"http:\/\/www.sevinckorkuluk.com\/wp-content\/uploads\/2022\/05\/Dusey-barli-kare-sistem-detayi-1.pdf\" type=\"application\/pdf\" style=\"width:100%;height:350px\" aria-label=\"D\u00fc\u015fey barl\u0131 kare sistem detay\u0131 g\u00f6m\u00fcs\u00fc. g\u00f6m\u00fcs\u00fc.\"><\/object><a id=\"wp-block-file--media-bb6730f7-6cad-43ee-9088-4cb139258f83\" href=\"http:\/\/www.sevinckorkuluk.com\/wp-content\/uploads\/2022\/05\/Dusey-barli-kare-sistem-detayi-1.pdf\" target=\"_blank\" rel=\"noreferrer noopener\">D\u00fc\u015fey barl\u0131 kare sistem detay\u0131<\/a><\/div>\n<\/div>\n<\/div>\n\n\n\n<div style=\"height:50px\" aria-hidden=\"true\" class=\"wp-block-spacer\"><\/div>\n\n\n\n<section id=\"section-8395eae8-9c3e-4a32-ae56-33160c843198\" class=\"wp-block-gutentor-advanced-columns gutentor-section gutentor-advanced-columns has-color-bg has-custom-bg\"><div class=\"grid-container\"><div class=\"grid-row\">\n<div id=\"section-5536780b-5746-403e-9da6-ef13ba482da4\" class=\"wp-block-gutentor-single-column gutentor-single-column  grid-lg-8 grid-md-8 grid-12\">\n<section id=\"section-6422bc73-3dc9-4b2e-ad48-0b638d3119ea\" class=\"wp-block-gutentor-content-box gutentor-section gutentor-content-box-wrapper content-template1\"><div class=\"grid-container gutentor-rm-ct-space\"><div class=\"grid-row gutentor-grid-item-wrap gutentor-rm-row-space\"><div class=\"gutentor-grid-column grid-lg-12 grid-md-12 grid-12 gutentor-rm-col-space\"><div class=\"gutentor-single-item gutentor-single-item-0\"><div class=\"gutentor-single-item-wrap\"><div class=\"gutentor-single-item-content\"><h3 class=\"gutentor-single-item-title\">S\u0130ZE \u00d6ZEL F\u0130YAT TEKL\u0130F\u0130<\/h3><p class=\"gutentor-single-item-desc\">Size \u00f6zel tekliflerden ve f\u0131rsatlardan haberdar olmak i\u00e7in bize ula\u015fabilirsiniz\u2026<\/p><\/div><\/div><\/div><\/div><\/div><\/div><\/section>\n\n\n\n<p><\/p>\n<\/div>\n\n\n\n<div id=\"section-15856140-fed9-4762-8a12-052d43ba39fb\" class=\"wp-block-gutentor-single-column gutentor-single-column  grid-lg-4 grid-md-4 grid-12\">\n<div id=\"section-dd930a04-8a8f-4c6a-afc5-8e998307cf2d\" class=\"wp-block-gutentor-content-box gutentor-section gutentor-content-box-wrapper content-template1 has-color-bg has-custom-bg has-gutentor-overlay\"><div class=\"grid-container gutentor-rm-ct-space\"><div class=\"grid-row gutentor-grid-item-wrap gutentor-rm-row-space\"><div class=\"gutentor-grid-column grid-lg-12 grid-md-12 grid-12 gutentor-rm-col-space\"><div class=\"gutentor-single-item gutentor-single-item-0\"><div class=\"gutentor-single-item-wrap\"><div class=\"gutentor-single-item-content\"><a class=\"gutentor-button gutentor-single-item-button gutentor-icon-hide\" href=\"http:\/\/www.sevinckorkuluk.com\/fiyat-teklifi\/\" rel=\"http:\/\/www.sevinckorkuluk.com\/fiyat-teklifi\/\"><i class=\"gutentor-button-icon fas fa-book\"><\/i><span>TEKL\u0130F AL<\/span><\/a><\/div><\/div><\/div><\/div><\/div><\/div><\/div>\n<\/div>\n<\/div><\/div><\/section>\n\n\n\n<div style=\"height:100px\" aria-hidden=\"true\" class=\"wp-block-spacer\"><\/div>\n","protected":false},"excerpt":{"rendered":"","protected":false},"author":1,"featured_media":0,"parent":0,"menu_order":0,"comment_status":"closed","ping_status":"closed","template":"template-gutentor-full-width.php","meta":{"footnotes":""},"class_list":["post-629","page","type-page","status-publish","hentry"],"_links":{"self":[{"href":"http:\/\/www.sevinckorkuluk.com\/index.php?rest_route=\/wp\/v2\/pages\/629","targetHints":{"allow":["GET"]}}],"collection":[{"href":"http:\/\/www.sevinckorkuluk.com\/index.php?rest_route=\/wp\/v2\/pages"}],"about":[{"href":"http:\/\/www.sevinckorkuluk.com\/index.php?rest_route=\/wp\/v2\/types\/page"}],"author":[{"embeddable":true,"href":"http:\/\/www.sevinckorkuluk.com\/index.php?rest_route=\/wp\/v2\/users\/1"}],"replies":[{"embeddable":true,"href":"http:\/\/www.sevinckorkuluk.com\/index.php?rest_route=%2Fwp%2Fv2%2Fcomments&post=629"}],"version-history":[{"count":0,"href":"http:\/\/www.sevinckorkuluk.com\/index.php?rest_route=\/wp\/v2\/pages\/629\/revisions"}],"wp:attachment":[{"href":"http:\/\/www.sevinckorkuluk.com\/index.php?rest_route=%2Fwp%2Fv2%2Fmedia&parent=629"}],"curies":[{"name":"wp","href":"https:\/\/api.w.org\/{rel}","templated":true}]}}