{"id":76,"date":"2020-05-03T05:22:52","date_gmt":"2020-05-03T05:22:52","guid":{"rendered":"https:\/\/demo.keonthemes.com\/gutener\/demo4\/?page_id=15"},"modified":"2022-06-08T16:00:24","modified_gmt":"2022-06-08T16:00:24","slug":"iletisim","status":"publish","type":"page","link":"http:\/\/www.sevinckorkuluk.com\/?page_id=76","title":{"rendered":"\u0130leti\u015fim"},"content":{"rendered":"\n<section id=\"gm5e56ac4\" class=\"wp-block-gutentor-m3 section-gm5e56ac4 gutentor-module gutentor-container-cover has-color-bg has-custom-bg\"><div class=\"grid-container\">\n<div id=\"section-g1de2b3\" class=\"wp-block-gutentor-e1 section-g1de2b3 gutentor-element gutentor-element-advanced-text text-align-center-desktop text-align-center-tablet text-align-center-mobile\"><div class=\"gutentor-text-wrap\"><h2 class=\"gutentor-text\">\u0130leti\u015fim<\/h2><\/div><\/div>\n<\/div><\/section>\n\n\n\n<section id=\"gmba4dcec\" class=\"wp-block-gutentor-m3 section-gmba4dcec gutentor-module gutentor-container-cover g-pos-r-desktop g-pos-d-tablet g-pos-d-mobile g-pos-custom-desktop\"><div class=\"grid-container\"><div class=\"wp-block-image\">\n<figure class=\"aligncenter size-large\"><img fetchpriority=\"high\" decoding=\"async\" width=\"700\" height=\"408\" src=\"http:\/\/www.sevinckorkuluk.com\/wp-content\/uploads\/2022\/06\/Adsiz-tasarim-15-700x408.png\" alt=\"\" class=\"wp-image-1959\" srcset=\"http:\/\/www.sevinckorkuluk.com\/wp-content\/uploads\/2022\/06\/Adsiz-tasarim-15-700x408.png 700w, http:\/\/www.sevinckorkuluk.com\/wp-content\/uploads\/2022\/06\/Adsiz-tasarim-15-300x175.png 300w, http:\/\/www.sevinckorkuluk.com\/wp-content\/uploads\/2022\/06\/Adsiz-tasarim-15-768x448.png 768w, http:\/\/www.sevinckorkuluk.com\/wp-content\/uploads\/2022\/06\/Adsiz-tasarim-15.png 1200w\" sizes=\"(max-width: 700px) 100vw, 700px\" \/><\/figure>\n<\/div>\n\n\n<section id=\"section-e5629051-679a-4fbd-ada7-41a0ad4e9ea9\" class=\"wp-block-gutentor-advanced-columns gutentor-section gutentor-advanced-columns\"><div class=\"grid-container\"><div class=\"grid-row\">\n<section id=\"section-41a00042-bee5-4e11-b6b0-9df01b5fcb4b\" class=\"wp-block-gutentor-single-column gutentor-single-column  grid-lg-5 grid-md-12 grid-12\">\n<section id=\"gm92b818a\" class=\"wp-block-gutentor-m3 section-gm92b818a gutentor-module gutentor-container-cover has-image-bg has-custom-bg has-gutentor-overlay g-pos-r-desktop g-pos-r-tablet g-pos-r-mobile g-pos-custom-desktop g-pos-custom-tablet g-pos-custom-mobile\"><div class=\"grid-container\">\n<div id=\"section-g14cb9b\" class=\"wp-block-gutentor-e1 section-g14cb9b gutentor-element gutentor-element-advanced-text text-align-center-desktop text-align-center-tablet text-align-center-mobile\"><div class=\"gutentor-text-wrap\"><h2 class=\"gutentor-text\">\u0130leti\u015fime Ge\u00e7 !<\/h2><\/div><\/div>\n\n\n\n<div id=\"section-g5a5bda\" class=\"wp-block-gutentor-e1 section-g5a5bda gutentor-element gutentor-element-advanced-text text-align-center-desktop text-align-center-tablet text-align-center-mobile\"><div class=\"gutentor-text-wrap\"><p class=\"gutentor-text\"><\/p><\/div><\/div>\n\n\n\n<section id=\"gmd7528b6\" class=\"wp-block-gutentor-m3 section-gmd7528b6 gutentor-module gutentor-container-cover\"><div class=\"grid-container\">\n<div id=\"section-g262ac1\" class=\"wp-block-gutentor-e2 section-g262ac1 gutentor-element gutentor-element-button button-align-center-desktop button-align-center-tablet button-align-center-mobile\"><span class=\"gutentor-button-wrap\"><a class=\"gutentor-button gutentor-block-button gutentor-icon-before\"><i class=\"gutentor-button-icon far fa-envelope\"><\/i><span>Mail<\/span><\/a><\/span><\/div>\n\n\n\n<div id=\"section-g4b99b9\" class=\"wp-block-gutentor-e2 section-g4b99b9 gutentor-element gutentor-element-button button-align-center-desktop button-align-center-tablet button-align-center-mobile\"><span class=\"gutentor-button-wrap\"><a class=\"gutentor-button gutentor-block-button gutentor-icon-hide\" href=\"mailto:info@sevinckorkuluk.com\" target=\"_blank\" rel=\"mailto:info@sevinckorkuluk.com noopener noreferrer nofollow\"><i class=\"gutentor-button-icon fas fa-book\"><\/i><span>info@sevinckorkuluk.com<\/span><\/a><\/span><\/div>\n<\/div><\/section>\n\n\n\n<section id=\"gm9b21ab8\" class=\"wp-block-gutentor-m3 section-gm9b21ab8 gutentor-module gutentor-container-cover\"><div class=\"grid-container\">\n<div id=\"section-gbd4b97\" class=\"wp-block-gutentor-e2 section-gbd4b97 gutentor-element gutentor-element-button button-align-center-desktop button-align-center-tablet button-align-center-mobile\"><span class=\"gutentor-button-wrap\"><a class=\"gutentor-button gutentor-block-button gutentor-icon-before\"><i class=\"gutentor-button-icon fas fa-phone-volume\"><\/i><span>Telefon<\/span><\/a><\/span><\/div>\n\n\n\n<div id=\"section-g022e15\" class=\"wp-block-gutentor-e2 section-g022e15 gutentor-element gutentor-element-button button-align-center-desktop button-align-center-tablet button-align-center-mobile\"><span class=\"gutentor-button-wrap\"><a class=\"gutentor-button gutentor-block-button gutentor-icon-hide\"><i class=\"gutentor-button-icon fas fa-book\"><\/i><span>+90 212 549 33 49<\/span><\/a><\/span><\/div>\n<\/div><\/section>\n\n\n\n<section id=\"gmbb021f4\" class=\"wp-block-gutentor-m3 section-gmbb021f4 gutentor-module gutentor-container-cover\"><div class=\"grid-container\">\n<div id=\"section-gc67ceb\" class=\"wp-block-gutentor-e2 section-gc67ceb gutentor-element gutentor-element-button button-align-center-desktop button-align-center-tablet button-align-center-mobile\"><span class=\"gutentor-button-wrap\"><a class=\"gutentor-button gutentor-block-button gutentor-icon-before\"><i class=\"gutentor-button-icon fas fa-map-marker-alt\"><\/i><span>Adres<\/span><\/a><\/span><\/div>\n\n\n\n<div id=\"section-g542455\" class=\"wp-block-gutentor-e1 section-g542455 gutentor-element gutentor-element-advanced-text text-align-center-desktop text-align-center-tablet text-align-center-mobile\"><div class=\"gutentor-text-wrap\"><a class=\"gutentor-element-advanced-text-link\" href=\"https:\/\/www.google.com\/maps\/dir\/41.0879442,28.9412191\/sevin%C3%A7+korkuluk\/@41.0891498,28.8029363,12z\/data=!3m1!4b1!4m9!4m8!1m1!4e1!1m5!1m1!1s0x14caaf68d5a9ebc5:0xbc857e0b7762b7f6!2m2!1d28.7920941!2d41.0828553\" target=\"_blank\" rel=\"noopener noreferrer nofollow\"><p class=\"gutentor-text\"><a class=\"gutentor-element-advanced-text-link\" href=\"https:\/\/www.google.com\/maps\/dir\/41.0879442,28.9412191\/sevin%C3%A7+korkuluk\/@41.0891498,28.8029363,12z\/data=!3m1!4b1!4m9!4m8!1m1!4e1!1m5!1m1!1s0x14caaf68d5a9ebc5:0xbc857e0b7762b7f6!2m2!1d28.7920941!2d41.0828553\" target=\"_blank\" rel=\"noopener noreferrer nofollow\"><\/a><a href=\"https:\/\/www.google.com\/maps\/dir\/41.0879442,28.9412191\/sevin%C3%A7+korkuluk\/@41.0891498,28.8029363,12z\/data=!3m1!4b1!4m9!4m8!1m1!4e1!1m5!1m1!1s0x14caaf68d5a9ebc5:0xbc857e0b7762b7f6!2m2!1d28.7920941!2d41.0828553\" target=\"_blank\" rel=\"noreferrer noopener\">\u0130kitelli OSB Dersankoop Trios 2023 sanayi sitesi B Blok No:24, 34490 <br>\u0130kitelli Osb\/Ba\u015fak\u015fehir\/\u0130stanbul<\/a><\/p><\/a><\/div><\/div>\n<\/div><\/section>\n<\/div><\/section>\n<\/section>\n\n\n\n<section id=\"section-13863960-1ba0-475a-bf8c-e80a4487b3bc\" class=\"wp-block-gutentor-single-column gutentor-single-column  grid-lg-7 grid-md-12 grid-12\">\n<figure class=\"wp-block-embedpress-google-maps-block alignleft ose-google-maps\"><iframe src=\"https:\/\/maps.google.com\/maps?hl=en&ie=UTF8&ll=41.082634,28.795578&spn=41.082634,28.795578&t=m&z=17&output=embed\" frameborder=\"0\" width=\"600\" height=\"450\"><\/iframe><\/figure>\n<\/section>\n<\/div><\/div><\/section>\n\n\n\n<p><\/p>\n\n\n\n<p><\/p>\n<\/div><\/section>\n\n\n\n<div style=\"height:100px\" aria-hidden=\"true\" class=\"wp-block-spacer\"><\/div>\n\n\n\n<p><\/p>\n\n\n\n<p><\/p>\n\n\n\n\n","protected":false},"excerpt":{"rendered":"","protected":false},"author":1,"featured_media":0,"parent":0,"menu_order":0,"comment_status":"closed","ping_status":"closed","template":"template-gutentor-full-width.php","meta":{"footnotes":""},"class_list":["post-76","page","type-page","status-publish","hentry"],"_links":{"self":[{"href":"http:\/\/www.sevinckorkuluk.com\/index.php?rest_route=\/wp\/v2\/pages\/76","targetHints":{"allow":["GET"]}}],"collection":[{"href":"http:\/\/www.sevinckorkuluk.com\/index.php?rest_route=\/wp\/v2\/pages"}],"about":[{"href":"http:\/\/www.sevinckorkuluk.com\/index.php?rest_route=\/wp\/v2\/types\/page"}],"author":[{"embeddable":true,"href":"http:\/\/www.sevinckorkuluk.com\/index.php?rest_route=\/wp\/v2\/users\/1"}],"replies":[{"embeddable":true,"href":"http:\/\/www.sevinckorkuluk.com\/index.php?rest_route=%2Fwp%2Fv2%2Fcomments&post=76"}],"version-history":[{"count":0,"href":"http:\/\/www.sevinckorkuluk.com\/index.php?rest_route=\/wp\/v2\/pages\/76\/revisions"}],"wp:attachment":[{"href":"http:\/\/www.sevinckorkuluk.com\/index.php?rest_route=%2Fwp%2Fv2%2Fmedia&parent=76"}],"curies":[{"name":"wp","href":"https:\/\/api.w.org\/{rel}","templated":true}]}}